448320?
8
What is the hundred millions digit of 2364843534?
3
What is the ten millions digit of 106841208?
0
What is the hundred thousands digit of 1116899529?
8
What is the thousands digit of 1012734203?
4
What is the millions digit of 1111805293?
1
What is the millions digit of 204001430?
4
What is the hundred millions digit of 2448442515?
4
What is the millions digit of 554508777?
4
What is the hundreds digit of 155045404?
4
What is the hundred thousands digit of 1894637062?
6
What is the ten millions digit of 629581534?
2
What is the thousands digit of 28480450?
0
What is the hundred millions digit of 5463631177?
4
What is the hundred millions digit of 177354394?
1
What is the billions digit of 4564653747?
4
What is the hundred thousands digit of 1108311931?
3
What is the thousands digit of 1479750375?
0
What is the ten millions digit of 2910577657?
1
What is the hundred millions digit of 377912389?
3
What is the hundreds digit of 116946276?
2
What is the hundred thousands digit of 1728230895?
2
What is the units digit of 71960278?
8
What is the ten thousands digit of 3959345?
5
What is the hundreds digit of 1438528229?
2
What is the tens digit of 1939440803?
0
What is the units digit of 308668936?
6
What is the hundreds digit of 4535092523?
5
What is the hundreds digit of 78334261?
2
What is the millions digit of 221246017?
1
What is the hundreds digit of 41158493?
4
What is the hundred thousands digit of 458921102?
9
What is the tens digit of 824490627?
2
What is the thousands digit of 776313537?
3
What is the hundreds digit of 74132913?
9
What is the ten thousands digit of 21655910?
5
What is the millions digit of 839629335?
9
What is the thousands digit of 48224760?
4
What is the thousands digit of 1750556548?
6
What is the hundred thousands digit of 13235015?
2
What is the millions digit of 41406047?
1
What is the tens digit of 2805102?
0
What is the hundred thousands digit of 542000107?
0
What is the units digit of 1972811572?
2
What is the hundreds digit of 77827064?
0
What is the millions digit of 17166968?
7
What is the millions digit of 40983971?
0
What is the thousands digit of 184296217?
6
What is the units digit of 33901269?
9
What is the thousands digit of 607636541?
6
What is the millions digit of 2828540883?
8
What is the hundred thousands digit of 139553021?
5
What is the ten thousands digit of 126284189?
8
What is the units digit of 5894212513?
3
What is the tens digit of 381482965?
6
What is the hundreds digit of 5116476?
4
What is the ten millions digit of 913045389?
1
What is the ten thousands digit of 772712915?
1
What is the hundreds digit of 4386745581?
5
What is the millions digit of 41387422?
1
What is the thousands digit of 7792199?
2
What is the hundred millions digit of 533374472?
5
What is the hundreds digit of 54099119?
1
What is the hundreds digit of 221300071?
0
What is the ten millions digit of 130606007?
3
What is the millions digit of 46083588?
6
What is the tens digit of 60102021?
2
What is the thousands digit of 159682981?
2
What is the ten millions digit of 14803464?
1
What is the hundred millions digit of 202084800?
2
What is the hundred thousands digit of 322242694?
2
What is the millions digit of 40920020?
0
What is the thousands digit of 6284884351?
4
What is the tens digit of 30070503?
0
What is the ten thousands digit of 31179847?
7
What is the units digit of 676335303?
3
What is the hundred millions digit of 179541985?
1
What is the units digit of 3257756209?
9
What is the tens digit of 52408258?
5
What is the hundreds digit of 295113516?
5
What is the tens digit of 197920934?
3
What is the ten thousands digit of 841568192?
6
What is the ten millions digit of 6326453733?
2
What is the tens digit of 48743629?
2
What is the hundreds digit of 4228657980?
9
What is the ten millions digit of 52888209?
5
What is the ten thousands digit of 115365928?
6
What is the millions digit of 70691841?
0
What is the millions digit of 3092629865?
2
What is the ten millions digit of 4789454751?
8
What is the ten millions digit of 3330103527?
3
What is the ten millions digit of 97206966?
9
What is the hundred thousands digit of 60373990?
3
What is the hundred thousands digit of 69733822?
7
What is the ten millions digit of 50643013?
5
What is the hundred thousands digit of 844793599?
7
What is the ten millions digit of 1855225446?
5
What is the thousands digit of 1062695753?
5
What is the ten thousands digit of 504657753?
5
What is the hundreds digit of 817894043?
0
What is the hundred millions digit of 138133818?
1
What is the millions digit of 1124980805?
4
What is the ten thousands digit of 16253745?
5
What is the ten thousands digit of 408696393?
9
What is the hundreds digit of 160327157?
1
What is the thousands digit of 1939838699?
8
What is the thousands digit of 11876924?
6
What is the billions digit of 5700764100?
5
What is the ten thousands digit of 915567916?
6
What is the millions digit of 2039536228?
9
What is the thousands digit of 379376268?
6
What is the thousands digit of 1068163191?
3
What is the hundred thousands digit of 42341832?
3
What is the ten thousands digit of 4376994961?
9
What is the ten millions digit of 297097776?
9
What is the ten thousands digit of 136010651?
1
What is the hundred millions digit of 1794622596?
7
What is the units digit of 332004680?
0
What is the ten millions digit of 43269636?
4
What is the hundred millions digit of 278755785?
2
What is the millions digit of 267238737?
7
What is the hundred millions digit of 948602616?
9
What is the units digit of 103811733?
3
What is the hundred thousands digit of 356905253?
9
What is the units digit of 2111985308?
8
What is the hundred thousands digit of 34361953?
3
What is the hundreds digit of 14847418?
4
What is the millions digit of 442582962?
2
What is the hundreds digit of 68436361?
3
What is the units digit of 200087469?
9
What is the tens digit of 999745882?
8
What is the hundreds digit of 5923566827?
8
What is the hundred millions digit of 100841084?
1
What is the hundred thousands digit of 1547597?
5
What is the hundred millions digit of 1865702644?
8
What is the units digit of 1962679960?
0
What is the hundreds digit of 249039552?
5
What is the millions digit of 12308112?
2
What is the tens digit of 304391538?
3
What is the millions digit of 52410221?
2
What is the thousands digit of 175756817?
6
What is the tens digit of 96900251?
5
What is the millions digit of 91693562?
1
What is the hundred millions digit of 885237398?
8
What is the hundreds digit of 193473611?
6
What is the ten millions digit of 115691201?
1
What is the millions digit of 1309738900?
9
What is the ten thousands digit of 43891195?
9
What is the units digit of 6770996?
6
What is the billions digit of 2950439074?
2
What is the millions digit of 344536687?
4
What is the tens digit of 302304547?
4
What is the hundred thousands digit of 274613621?
6
What is the ten millions digit of 67328712?
6
What is the tens digit of 56390269?
6
What is the tens digit of 1227322793?
9
What is the ten millions digit of 505814805?
0
What is the units digit of 1362116541?
1
What is the hundred thousands digit of 186238999?
2
What is the hundreds digit of 61201191?
1
What is the units digit of 720207746?
6
What is the ten millions digit of 2244551316?
4
What is the billions digit of 3925216694?
3
What is the ten millions digit of 10119138?
1
What is the ten millions digit of 3695004289?
9
What is the units digit of 100625252?
2
What is the units digit of 11554200?
0
What is the millions digit of 4820689946?
0
What is the hundred thousands digit of 4988370857?
3
What is the thousands digit of 602518366?
8
What is the hundreds digit of 443811036?
0
What is the hundred millions digit of 109308069?
1
What is the hundreds digit of 28943166?
1
What is the hundred thousands digit of 5451297?
4
What is the ten millions digit of 469569830?
6
What is the tens digit of 414059838?
3
What is the tens digit of 105091766?
6
What is the tens digit of 580662138?
3
What is the hundred thousands digit of 142170284?
1
What is the ten thousands digit of 1060251431?
5
What is the hundred millions digit of 659989580?
6
What is the tens digit of 74172468?
6
What is the units digit of 2238543